04 + -76 + 156?
81
Evaluate 76 + (18 - (-8 + 30) - (-4 + -3 + -1)).
80
Calculate (-107 - (13 - -18 - 27)) + 38.
-73
(5 - (-2 + -1)) + (92 - (130 - -41))
-71
What is the value of -90 + -4 + (-17 - -73) + -7?
-45
-94 + -4 + 3 + (-63 + -49 - -90)
-117
What is the value of -1371 + 1393 + -2 + -53 + 1 - (-1 + 14)?
-45
Evaluate 1 + (7 - 0) + 33 - (-44 - -55).
30
What is (1 + -2 - 3) + (-1012 - -967)?
-49
71 - (-27 - (35 + 12 + -77))
68
10 + (-23 + (-1 - -8) - (116 - 115))
-7
(-4 - (12 - 2)) + 8 - (-36 + 16)
14
What is the value of 225 + -204 + (22 - 98)?
-55
Calculate -3174 + 3205 - (49 - -2).
-20
What is 21 + ((18 - 17) + 4 - 63)?
-37
(0 - -16) + 1 - (-15487 + 15464)
40
Evaluate 86 - (-18 + 97 - 36).
43
-8 + (-815 - -855) + 67 + 0
99
What is the value of -108 + -13 + (26 - (-29 + 28)) + -6 + -2?
-102
-2 + -5 + -2 - (-41 - (-14 - -4))
22
Evaluate 1 + -16 + -1 - (208 + 77 - 148) - -12.
-141
What is the value of 0 + 34 + 68 + -120 + 107?
89
Evaluate 3 + (-1 + 9 - (40 + (21 - 71))).
21
Evaluate 12 + -8 + 4 + -5 - (-3 - -8 - 1).
-1
Evaluate (16 - (6 + -1) - 8) + -21 + -7 - 2.
-27
Evaluate 35 + -17 + 7 + -10 - (1 + -1 + -1).
16
What is the value of 3 - -5 - (-1187 - -1109)?
86
What is -36 + 23 - (-32 - -14 - (72 - -31))?
108
Evaluate -8 + (-9 + (-2 - -69) - (-11 + -8 + 15)).
54
Calculate (12 - -50) + -1 + -18 + -20.
23
What is the value of (11 - (-39 - (38 - 63))) + -68?
-43
Evaluate 22 - ((36 - (-25 - -133)) + -6).
100
(28 - -29 - 28) + -24
5
What is -11 - (49 - (-7 - -3 - -4) - (72 - 63))?
-51
What is 1 + -3 + 1307 + -1366?
-61
What is the value of 1 + 9 + -24 - (-12 + -28) - 4?
22
(48 + -22 - -33) + 6
65
What is the value of 54 + 6 + -56 + -69?
-65
82 + -12 - (-255 - -307)
18
Calculate (7 + -9 + 16 - 8) + 34 + -3 + 1.
38
Calculate (3 + 5 - (-18 + 16 + 12)) + -66 + 1.
-67
Calculate 73 - (-18 - (1 - 46 - -8)).
54
-51 + -16 + 15 - -31
-21
2 + -23 - ((-37 - -106) + -97)
7
-41 - (110 + -153 + -99)
101
What is the value of (220 - 161 - (18 + -1)) + 11?
53
Evaluate -164 + 57 + -94 + 59.
-142
Calculate (-42 - -49) + (-13 - (69 - -17)).
-92
What is the value of (2 - 31) + -8 + -13 + -8?
-58
Calculate 11 + (28 + -4 - (-103 + 49 + 1)).
88
-35 + -82 + 115 + -10 + 15
3
Evaluate (-55 - -54 - ((8 - 15) + 11)) + -31 + 3.
-33
What is the value of (-59 - (-39 - -2)) + 74?
52
Evaluate 25 + (-19 - (17 - (36 - -13))).
38
What is the value of (-18 - -40 - 40) + 17 + -29?
-30
Evaluate (252 - 248) + -3 + -8 + 4 + -90 + 1.
-92
What is -21 + (62 - (22 + 30))?
-11
What is (-37 - -64) + -45 + (-17 - 4)?
-39
(92 - 26) + -42 - (-1 + (1 - 8))
32
42 - 32 - 20 - (-2 - -29) - -6
-31
Evaluate -142 + (39 - 68) + 98.
-73
8 + -7 - (23 + -31) - (1 + 5)
3
Evaluate 649 + -611 - (-57 + -21).
116
What is 34 + -57 + 75 + -130?
-78
-521 + 513 - (32 - -2)
-42
What is the value of -2 + -43 + (-216 - -309) + -140?
-92
What is the value of -9 + (-4 - (1 + -9 + -1) - -8)?
4
Calculate -22 - (20 - (61 + -40)) - (-1 + -25).
5
Evaluate 65 + 1 - 47 - 95.
-76
Evaluate (1 - 0 - (-10 - -5) - -3) + 155 + -166.
-2
Calculate 51 + (-46 - 13 - -28).
20
Calculate 18 + -5 + -7 - -5 - -5.
16
What is the value of 7 + -20 - (17 - (3 + -15 - -33))?
-9
Evaluate (-24 - (98 - (9 - 3))) + 19 + -6.
-103
What is (96 - -31) + -39 + -23?
65
What is the value of -685 + 540 - (-3 + -72)?
-70
What is the value of -22 + (32 - ((107 - -16) + -30))?
-83
Calculate (128 - 249) + 120 + (101 - (0 - 3)).
103
Calculate 1 + 0 + -9 - (8 - (15 + -21 - 5)).
-27
What is the value of (-81 - (-4 + 2)) + (-19 - -12 - -21)?
-65
Calculate (-17 - (-23 + 27) - -14) + (-32 - 1).
-40
7 + -17 + (18 - 10) + -3 + -1 + -18
-24
What is (-74 - (12 + -42)) + (2 - -19)?
-23
What is the value of (9 - -4) + -9 + -13 + 8 + -7 + 20?
12
What is the value of (1 + -1 - -10) + (24 - 51 - 2)?
-19
Calculate -45 + (-18 - -27) + -19 - 25.
-80
What is the value of -25 - (-28 - (0 - (14 + 7)))?
-18
What is 6 + -6 + (7 - 1) - (0 + -42)?
48
Calculate 46 - (77 + -49) - -17.
35
Calculate 37 + -2 + (37 - (-50 + 56)).
66
What is 7 + -20 + 2 - ((23 - 22) + 14)?
-26
What is the value of 1 + -5 + 3 + -7 + (-26 - -16 - 2)?
-20
(17 - 1 - 0) + 5184 + -5304
-104
What is 10 + (12 - ((-65 - 38) + 4 + -1))?
122
-15 + (22 - (15 + 73))
-81
What is the value of -20 - -12 - ((1 - -12 - 10) + 21)?
-32
Evaluate -2367 + 2543 + (-1 - 85).
90
What is the value of -761 + 771 - (-63 - 1) - (1 - (-5 + 3))?
71
3 + -29 + 33 + 20 + 68
95
Calculate -30 + (74 - (54 - 6)).
-4
Calculate -35 + (0 - -36 - (-707 + 689)).
19
What is (-111 - -310) + -102 - 59?
38
What is (-54 - 12) + 86 - (-2 - 13)?
35
What is the value of (-14 - -6 - (65 + -81)) + -54?
-46
-1 + -4 + 2 - (11 + -33 + -32 + 67)
-16
What is -68 - ((-12 + 5 + -3 + 4 - 4) + 2)?
-60
Calculate 135 - ((-82 - -166) + -12).
63
Calculate 18 - (-12 - 4 - (-6 - (1 - (-10 + 9)))).
26
What is 88 + (-1 - (1 + 0) - ((-104 - -74) + 32))?
84
Calculate 86 + 18 - (4 + 52).
48
-28 - (-12 - (-3 + -5 + -20))
-44
What is the value of -5 + 5 + (-141 - (-94 + 45))?
-92
(47 - (-42 + 87)) + 63 + 2 + 4
71
What is 78 + (-26 - -15) - 112?
-45
-37 - (-18 - (120 - 22))
79
What is (18 + -14 - 18) + 59 + 22?
67
What is the value of 44 - 18 - -26 - 127?
-75
Calculate 57 + (18 - 26) - (10 - (10 + 2)).
51
What is -2232 - -2290 - (-3 + (24 - 4))?
41
Calculate 1049 - 1072 - (-1 - -27).
-49
Evaluate (0 - 56) + 75 + -102 + 45 - 9.
-47
What is the value of 125 - 127 - (-18 - 2)?
18
Calculate (25 - (15 - -5)) + 34 + -61.
-22
-21 - (5 + -29 + (-94 - -112))
-15
What is 52 + ((-14 - (-9 - -6)) + 17 - (-9 + 3))?
64
What is (-933 - -985 - (2 + 4)) + 12?
58
Calculate 8 + -9 + -13 + 3 + -8.
-19
Evaluate -11 + (-29 + 44 - 35) - (-3 - -1 - 1).
-28
Calculate 94 - (20 + (17 - (18 - -16))).
91
What is (38 - (86 - 86)) + 5?
43
-3 - -7 - -19 - (-150 - -126)
47
67 + (-64 - 1 - 24)
-22
Evaluate 360 - 370 - (-42 - 0 - (1 + 2 + 0)).
35
What is 12 + -6 + 25 - (1 + 3 + -11)?
38
(-2 - (9 + -7)) + (-100 - -98) - (66 + -1)
-71
Evaluate -84 + (-10 + 25 + -4 - 20) - (9 - 17).
-85
8 + (2 - (-48 + -11 + 36))
33
Calculate 20 - (99 - (35 + -99)).
-143
Calculate -45 - (26 + -18 - 13 - (-1 - (-2 + 1))).
-40
Evaluate 459 + -558 - (-7 - (2 - -2)) - 5.
-93
Evaluate 0 - -26 - (50 - (3 - -84)).
63
What is -11 - -1 - ((-30 - -21 - 27) + 15) - -75?
86
-86 - (30 - 15) - (12 - (-1 + 5)) - -1
-108
Evaluate 49 + (8 - (11 + (0 - -7))).
39
Evaluate -25 - (-24 + (51 - 31) - -117).
-138
What is (-6 - (9 + -9 + 5)) + -2 + 35?
22
27 + (-5 - (0 - 1) - (44 + -24 - 19))
22
What is the value of (18 - 80 - -131) + 0 + -1 + 2 + 3?
73
What is (-80 - -96) + (1 - 13) + 4 - 7?
1
60 + 11 - (-761 + 807)
25
What is the value of (-40 - -56) + -19 + (2 - 11) + -3?
-15
What is the value of (-6 - (12 - (16 + -11))) + -24?
-37
What is the value of 72 + -5 + 28 + 10 + 2 + -9?
98
What is the value of -62 - 30 - -59 - (-5 + 4 - (3 - 2))?
-31
Evaluate 109 + (-104 - (-56 + 57)).
4
What is (40 - -2 - -18) + -102?
-42
Evaluate (-15 - -9 - -3) + (-24 - -8 - -6 - -4).
-9
What is the value of (18 - (33 - 6) - -16) + 35 + 0?
42
Calculate -65 - (81 - 36 - 65).
-45
(-743 - -640) + (8 - (23 + 4))
-122
What is the value of -16 + (15 - (-77 + 23))?
53
Evaluate -2 + -1 + -10 - (-184 - -53 - -91).
27
Evaluate -90 - (8 + -98 + -12).
12
-19 + (15 - -16 - -4) + 6
22
Evaluate -40 - (-64 + (49 - 23)).
-2
What is the value of -56 - -9 - (-11 - (8 + -13)) - -10?
-31
What is (61 - (58 + -75)) + -29?
49
-5 - (-50 + 49 - (-2 - (-21 + 5)))
10
What is the value of 12 - (6 + 0 + (74 - 36) + 1 + 5)?
-38
Evaluate -8433 + 8443 - (43 - -2).
-35
(12 + 66 - 2) + -91
-15
Evaluate 23 - 12 - -15 - 19 - -80 - (-2 + -3).
92
15 + (66 - (55 + 63))
-37
What is (21 - 33) + 1 + 13 - 13 - 8?
-19
Calculate 0 - 0 - (-6 - (-26 + (-6 - -12))).
-14
Evaluate (-1 - 10) + 10 + 6 + (39 - 56).
-12
What is -15 + ((7 - 20) + 28 - (-9 - 1))?
10
What is 4 - 1 - (-23 + 17 - (3 - -20))?
32
-2 + -13 + 2 - ((17 - 24) + 7)
-13
What is the value of -42 + (-84 + 23 - (0 - 23))?
-80
Calculate 0 - 12 - (55 - (193 + -129)).
-3
What is -17 - -33 - (8 + 56 - -10)?
-58
What is 6 + (-51 - (-199 + 43 + -5))?
116
What is (-125 - (-44 + 14)) + (-43 - -38)?
-100
-110 + (-16 - 8) + 25 + -7 + -1
-117
55 - (27 + 51) - (-1 + -56)
34
What is 3 + (11 + -9 + 6 + -11 - -5)?
5
What is the value of 56 + -6 + (-10 - -30) + -30?
40
3 + (-1 